Suppose 3*l + 99 = c*l. Does 2 divide l?
False
Let y(d) = -9*d**2 - 4*d + 33. Let z be (-2)/((-9)/(-27) + 4/6). Let h(g) = 4*g**2 + 2*g - 17. Let u(k) = z*y(k) - 5*h(k). Does 4 divide u(0)?
False
Is 16 a factor of ((3/3)/((-17)/(-44795)) - 0) + 5?
True
Suppose -11*s = -5*s + 12. Let w be s - 1/(5/(-385)). Does 7 divide w + (-1)/(-2) + 40/(-16)?
False
Let b(m) = -342*m - 3197. Does 61 divide b(-32)?
True
Let z = 22652 - 11307. Is z a multiple of 129?
False
Let w = 10297 + -1137. Is 13 a factor of w?
False
Let d = 162 + -157. Suppose -d*h + 1200 = 5*f, 1130 = 4*f - 4*h + 146. Does 27 divide f?
True
Let f = 11 + -7. Suppose 3*k + d = -2, f*k - 4*d + 22 = k. Is (-127)/((-2)/(-3)*3/k) a multiple of 24?
False
Let v = 3905 - -3395. Is 100 a factor of v?
True
Does 3 divide 4 + (5*(-4)/(-45) - 180992/(-36))?
False
Suppose -85*m = -89*m + 12. Suppose -d + 11*j = 6*j - 375, -1875 = -5*d + m*j. Does 15 divide d?
True
Suppose -11*b - 819030 - 886374 = -85*b. Is b a multiple of 118?
False
Suppose 0 = 2*q, -24*x + 22*x = -4*q - 5706. Does 10 divide x?
False
Let q(x) = -5*x**3 + 4*x**2 + 2. Let m be 17/(-5) - (-4)/10. Is q(m) a multiple of 15?
False
Let g be (-363)/44*(12/9)/(-1). Is ((g + 1)/3)/(-4) + 881 a multiple of 14?
False
Let s = -1475 - -2637. Is 37 a factor of s?
False
Let s = -2752 - -3935. Suppose 173 = 10*v + s. Let r = 29 - v. Is r a multiple of 13?
True
Is 11 a factor of (-32)/144 + 536253/27 + (-1 - 5)?
True
Let s = 58 + -29. Let x = s - 41. Let r = x - -17. Is r even?
False
Let i = -1399 + 887. Let j = i + 951. Does 10 divide j?
False
Let q(p) = -p**2 - 13*p - 13. Let n be q(-10). Suppose 3*m + 19 = r, -5*m = r + r + n. Suppose 0 = 3*a + 9, 5*o = r*o + 4*a + 21. Is o a multiple of 2?
False
Let u(c) be the second derivative of c**5/5 - c**3/6 + c - 1. Let o be u(1). Suppose -25 = -o*x + 56. Is x even?
False
Let l be 2234 - (4/(-16))/((-2)/(-8)). Suppose 4*b = -n + l, 219 - 1904 = -3*b + n. Is 56 a factor of b?
True
Suppose 0 = 157*i - 3837341 - 1725569 - 290207. Is 17 a factor of i?
True
Suppose 2*m = 5*r + m + 304, 2*r - 4*m + 118 = 0. Let o = -55 - r. Is 126/((-32)/(-30) + o/(-15)) a multiple of 9?
True
Suppose 311*u + 2270 = 4*g + 312*u, -3*u + 1120 = 2*g. Is g a multiple of 9?
False
Suppose 46220 + 31847 - 14899 = 112*o. Is 6 a factor of o?
True
Let f(b) = 289*b - 619. Is 16 a factor of f(11)?
True
Is 34 a factor of 34357442/1785 + 2/15?
False
Let w = 2357 - 77. Suppose 3*t = 6*q - 3*q - 1362, -3*t - w = -5*q. Does 17 divide q?
True
Let a(k) = -5*k**2 - 22*k + 141. Let r be a(8). Let g = 493 + r. Is g a multiple of 6?
True
Let x = 6218 + -4042. Is x a multiple of 64?
True
Suppose -183*a - 33741 = -206*a. Is a a multiple of 9?
True
Let q = 100 + -96. Suppose -66*l - q = -62*l. Is (l - 141/9)*42/(-5) a multiple of 20?
True
Suppose c + 3*r + 5730 = 0, 2*r = 11*c - 9*c + 11492. Is (-30)/150 - c/10 a multiple of 41?
True
Let z(y) = -3*y**2 - 332*y - 10. Does 6 divide z(-12)?
False
Does 30 divide -6 + 9 + 4824*1?
False
Let d = 1425 + -833. Suppose 3*n = 4*v - 7*v + 870, -5*v + d = 2*n. Is n a multiple of 11?
True
Let f(b) = b**2 - b + 22. Suppose -9*t = -2*t. Let j be f(t). Suppose -25*n + 189 = -j*n. Is 9 a factor of n?
True
Let w(l) = 22*l**2 + 47*l - 120. Does 35 divide w(19)?
True
Let t = -4269 + 5147. Is t a multiple of 2?
True
Suppose -3*z + 6*v - 8*v = -75308, 3*v - 50202 = -2*z. Is 12 a factor of z?
True
Suppose 12*j = 26*j + 25*j - 352092. Is 4 a factor of j?
True
Let f(z) = 3*z**3 - 8*z**2 - z - 8. Let g be f(8). Let h be -8*(-35)/84*(-5232)/(-20). Suppose -g = -10*w + h. Is 17 a factor of w?
False
Let c be (2/(-3) - 0)*360/(-8). Let n(s) = 3 + c*s + s**3 + 3*s**2 - 47*s - 9*s**2. Does 31 divide n(9)?
True
Is (-3)/12 - (12/(-9) + 262847/(-156)) a multiple of 57?
False
Let l(y) = -y + 5. Let o(z) = -1. Let u(q) = 3*l(q) + 21*o(q). Let n be u(2). Let v = n + 50. Is 3 a factor of v?
False
Suppose y + 31*h - 258 = 34*h, 3*h = -6. Is y a multiple of 36?
True
Suppose -5*v + 5632 + 72494 = s, 31272 = 2*v + 4*s. Is 31 a factor of v?
True
Suppose 0 = -2*f + 17*f. Suppose f = -0*g + 3*g - 3, -5*b - g + 351 = 0. Does 7 divide b?
True
Let q(u) = -2*u + 4. Let t be q(0). Suppose 5*d - 10 = -5*k, 3*d - 1 = -t*k + 2. Is (-1)/k - 322/(-6) a multiple of 17?
False
Let i(w) = -10*w - 6. Suppose q = -0*q + 5. Suppose 3*v = -q*v - 40. Is i(v) a multiple of 5?
False
Suppose -l = -3*g - 11970, 4*l - 2*g = -18144 + 66094. Is l a multiple of 21?
True
Let m(i) = 103*i - 1808. Is 25 a factor of m(36)?
True
Is ((-128360)/48)/(13/(-26)) - 2/(-3) a multiple of 4?
False
Let p(u) be the first derivative of -u**4/4 + u**3 + 2*u**2 - 9*u + 2. Let a be p(3). Suppose 0 = k + 3*k - 2*w - 1050, -k + a*w = -275. Is k a multiple of 26?
True
Suppose -i = -5*i + 24. Let w(m) = -m**3 + 7*m**2 - 7*m + 7. Let g be w(i). Is (6/24)/g + 238/8 a multiple of 6?
True
Suppose x + 32 = 5*x. Let s be (-5)/(-2)*(-98)/(-1). Suppose -s = -x*w + 75. Does 13 divide w?
False
Let r(n) = n**3 - 2*n**2 - 12*n + 24. Suppose -4*g = -3*g - 30. Suppose -11*i - g = -16*i. Does 12 divide r(i)?
True
Let d(t) = 2*t**2 + 5*t - 29. Is 23 a factor of d(-33)?
False
Let x = 222 + -132. Suppose 2*y - 3*s = 49, -62 + 8 = -3*y - 2*s. Suppose -5*h + x = -3*n, -4*n - y + 2 = -h. Does 11 divide h?
False
Let f be 0/(-3)*2/4. Let k be (5607/35)/((-4)/(-20)). Suppose f = -12*u + 267 + k. Is 12 a factor of u?
False
Is (-18 - -2)*2/(-56) - 52356/(-7) a multiple of 11?
True
Let q(w) = w**3 + 4*w**2 - 24*w - 23. Let s be q(-7). Let n(f) = -122*f - 9. Does 47 divide n(s)?
True
Let o(z) = -z**2 - 6*z - 7. Let u be o(-2). Let a(d) = -124*d**2 - 2*d + 2. Let p be a(u). Does 4 divide (-4)/6 - p/6?
True
Let g = -4360 + 24982. Is 14 a factor of g?
True
Suppose 5*x + 13*b - 30 = 11*b, x = -3*b + 19. Suppose -268 = -5*o + 3*o - 4*n, 4*n - x = 0. Is o a multiple of 6?
True
Let f(r) = -r**2 - 18*r - 9. Let o be f(-17). Suppose -11*w - o*w + 12293 = 0. Does 13 divide w?
False
Suppose -12*o - 3*o + 60 = 0. Suppose 0 = -o*y - 12, -z + 83 + 15 = y. Is z a multiple of 6?
False
Let x = -25872 + 36324. Is x a multiple of 67?
True
Let c be 5/((-5)/22) + 1. Let o = -22 - c. Does 11 divide -5*26/(-2) - o?
True
Suppose -6*i + 1047 + 315 = 0. Let l = 329 - i. Is 34 a factor of l?
True
Suppose 4*b - 15 = -3. Let u(j) = -1 - 12*j**b - 2 + 2*j**2 + 0 + 3*j. Does 12 divide u(-2)?
False
Let m(w) = 109*w - 21. Suppose -27*t - 2*o + 10 = -25*t, 3*t - 47 = 5*o. Does 37 divide m(t)?
False
Suppose -8*b - 2*b + 592704 = 26*b. Is b a multiple of 12?
True
Let j = 9 + 7. Is (-1274)/(-112) - 6/j a multiple of 5?
False
Suppose -203*c = -195*c - 368. Let i be (-1)/((-52)/18 + 3). Is 6 a factor of (i - -2)*c/(-7)?
False
Let s(g) = 3*g - 4. Let l be s(5). Let f be l + 0 + 6/(-2). Suppose -2*a + 12 = -f. Does 3 divide a?
False
Let i be (-3 + 27/(-2))*4/(-6). Let l be 15 - i - (-1 + -6). Suppose -3*b + l = -2*b. Does 7 divide b?
False
Suppose 4*j + 5*d = 2*d + 5, 5*d + 5 = -4*j. Suppose j*k - 69 - 146 = 0. Is k a multiple of 43?
True
Let g(v) be the second derivative of -3*v**3/2 - 12*v**2 + 28*v. Let o be g(-3). Suppose 4*t - 143 = -o*r, -4*t + 1 = -7. Is 9 a factor of r?
True
Suppose 0 = 3*s - 10*r + 8*r - 2010, -2*s = -5*r - 1340. Suppose -2*f + 3*v + s = 2*f, 0 = 5*f + 2*v - 849. Is 5 a factor of f?
False
Let o = 3554 + -1854. Is o a multiple of 25?
True
Let d(q) = -3*q + 5. Let g be 3/9 + 14/(-6). Let h be (3 - -1)/(g/5). Is 7 a factor of d(h)?
True
Let c(i) = -i**2 + 4*i - 2. Let u be c(0). Let a = u + -1. Is 12 a factor of (259 - 3 - -5) + a?
False
Let b(c) = 3291*c**2 - 138*c. Does 56 divide b(-2)?
True
Let o(h) = 779*h**2 - 20*h - 19. Let f be ((-8)/(-12))/(24/(-36)). Does 15 divide o(f)?
True
Let t(a) = -17*a**3 - 4*a**2 + 3*a - 9. Let h be t(-4). Suppose -h - 217 = -2*j. Is 10 a factor of j?
True
Let v = 2956 + 36403. Is 22 a factor of v?
False
Suppose -f - 27 = -3*r + 75, -2*f + 6 = 0. Is 4 + (-24)/(-7) + 20/r a multiple of 4?
True
Let g = -1764 + 2206. Is g a multiple of 13?
True
Suppose 17*w - 11373 = 163506. Is 81 a factor of w?
True
Let x(u) = -2*u**3 - 18*u**2 - 16*u + 32. Is x(-9) a multiple of 3?
False
Let f = 11312 - 5192. Is f a multiple of 17?
True
Let q(h) = -h**3 + 3*h**2 + 11*h + 4. Let j be q(5). Suppose j*z = 18*z - 756. Is 7 a factor